ghest common divisor of 14 and u?
14
Let n = 3584 - 2330. What is the highest common divisor of n and 132?
66
Suppose 0 = 5*v - 20, -4*g - v + 405 = -171. Let n = -134 + g. Calculate the highest common factor of 12 and n.
3
Suppose -309561 + 879585 = 78*k. Calculate the greatest common factor of 12 and k.
12
Let k(j) = 7*j + 38. Let b be k(-6). Let d be 672*((-20)/6 - b). Calculate the highest common factor of 64 and d.
64
Suppose b - 2 = 36. Suppose -t + 5*y = -b, -t + 3*y - 4*y + 26 = 0. Suppose -85*p + 380 - 40 = 0. What is the greatest common divisor of t and p?
4
Let w = -2048 + 1416. Let i = w - -788. What is the highest common divisor of i and 84?
12
Let r be (-5778)/81*(-3)/(-2). Let w = 19 - r. Calculate the highest common factor of w and 42.
42
Let z = 5530 + -4599. Calculate the greatest common factor of z and 343.
49
Suppose 0 = 2*q + 3*s - 441, -5*q + 1110 = 4*s + s. Suppose 20*a = 25*a - q. What is the greatest common factor of a and 630?
45
Suppose 2*u - 382 = -p, -5*p = -6*u + 4*u - 1922. Let x = 65 - 1. Calculate the greatest common factor of x and p.
64
Suppose 32960 = f + 102*f. What is the greatest common divisor of 2 and f?
2
Suppose 60*g = 57*g - y + 4479, 5*g + 2*y = 7467. Calculate the highest common factor of g and 42.
21
Let u = 4545 + -4511. Calculate the greatest common divisor of 867 and u.
17
Let v be 2 + 1 + (3 - 4). Suppose -1664*p = -3*w - 1667*p + 447, 5*w = 2*p + 696. Calculate the greatest common divisor of w and v.
2
Suppose 6*x = 23 + 43. Let n = x - 14. Let s(y) = 4*y**2 + 5*y + 5. Let a be s(n). What is the greatest common divisor of a and 65?
13
Let p = -28 - 28. Let g be (-96)/(-14) + (-8)/p. Suppose 6 = l - g. Calculate the highest common divisor of 65 and l.
13
Let b be (-16)/(-5)*21/(126/(-600)). Let l = -270 - b. Let z = 46 + -26. What is the highest common factor of z and l?
10
Suppose -46*a - 28*a + 13*a = -1525. Calculate the greatest common factor of a and 41175.
25
Let x(d) = 2*d**2 - 14*d - 70. Suppose -87 = -27*b + 453. Let w be x(b). Calculate the highest common divisor of 25 and w.
25
Suppose 5*j + 2*v - 369 = 0, -4*v - 226 - 161 = -5*j. Suppose -j = 9*l - 6*l. Let y = -9 - l. Calculate the greatest common divisor of y and 16.
16
Let u = 11004 - 10946. What is the highest common divisor of u and 1015?
29
Let n = -106 - -115. Suppose 3*q = 2*i - 5 - n, q + 14 = 3*i. What is the greatest common divisor of 4 and i?
4
Suppose -196*b + 128*b - 157*b = -755550. Calculate the greatest common divisor of b and 23.
23
Suppose -5*x + 10 = -35. Suppose -46 - 260 = -x*g. Let s be (1 - -50)/((-3)/(-4)). What is the greatest common divisor of g and s?
34
Let s(y) = -10*y + 20. Suppose -4*w + 8*w + 52 = -2*h, -4*h = -4*w - 40. Let t be s(w). Calculate the highest common divisor of t and 175.
35
Suppose -58*t = -62*t. Let x be (t - -1)/(2/8). Suppose y + x*k = 3*y - 112, 2*y = k + 106. What is the greatest common factor of y and 26?
26
Let d(b) = 324*b**2. Let p be d(1). Let c be -2 + (10/70 - (-96)/14). Suppose x - 129 = -3*x - c*y, 0 = -2*y - 6. What is the greatest common factor of p and x?
36
Suppose -4367 = 154*c - 9261 - 5270. Suppose 1924 = 5*l + 274. What is the greatest common divisor of l and c?
66
Let i = -5718 + 5778. Let v = 230 - 130. Calculate the highest common factor of v and i.
20
Let j(g) = -2*g**3 - 9*g**2 + 6*g + 11. Let t be j(-5). Let k be t + (-1158)/(-6) + -1. What is the greatest common divisor of k and 22?
22
Suppose o = 3*o + 4. Let f = -8 - o. Let r be 162/(-30)*20/f. What is the highest common divisor of 36 and r?
18
Let h be 6/(-16) + (211315/(-8))/(-65). Calculate the greatest common factor of h and 28.
14
Let k be 2 - (-184 - -7 - -4). Calculate the highest common divisor of 2380 and k.
35
Suppose 0 = -114*o + 119*o - 5305. Let q = o - 585. Calculate the greatest common divisor of q and 17.
17
Let s = -457 - -505. What is the highest common factor of s and 1488?
48
Suppose -75*f = -3*f - 30579 - 16293. Calculate the greatest common factor of f and 777.
21
Let k be 9/2*(-12)/(-9). Let a = -4457 - -4505. Calculate the greatest common divisor of k and a.
6
Let t be (-3 - 25)/(-7) - 1. Let y be t/((-495)/85 - -6). What is the greatest common factor of 1 and y?
1
Suppose -3 = 3*u, 12*u = -2*h + 8*u + 512. Suppose -t = 3*r - 124, -r = -3*t + 5*t - h. What is the highest common factor of 78 and t?
26
Suppose 3*m = -d + 282, 3*m + 3*d - 270 = -2*d. Let r(k) = -k + 6. Let l be r(4). Suppose -4*g + 38 = -l*g. Calculate the greatest common factor of m and g.
19
Let j = -371 + 380. What is the greatest common factor of j and 99?
9
Let n be ((-30018)/(-4))/((-510)/(-340)). Calculate the greatest common divisor of 1 and n.
1
Let x be (-22)/(-4) + (-5)/(-10). Let z = 826 - 821. Suppose -z - 373 = -9*h. Calculate the highest common factor of h and x.
6
Let r(h) = h**3 + 19*h**2 - 46*h + 252. Let y be r(-21). Calculate the greatest common divisor of 147 and y.
21
Suppose 5*s - 11*s + 1680 = 0. Suppose -13*y = -27*y + s. Calculate the highest common factor of y and 1420.
20
Suppose -3*w + 61 = 4*j, -3*j + 49 = w - 2*w. Let i be 296/j - (-10)/4. What is the highest common factor of i and 35?
7
Suppose 0 = 24*s + 502 - 4102. What is the highest common factor of s and 1830?
30
Suppose 0 = -5*l + 2*c + 1762, -5*l = 3*c - 4*c - 1761. Suppose -4*u + l = 4*u. What is the greatest common divisor of 8 and u?
4
Let u be (-102 + 0)/(-4 + 2). Let z = u - -103. Let w = 14853 + -14831. Calculate the greatest common divisor of w and z.
22
Let x(o) = o**2 - 6*o - 2. Let s be x(6). Let d be (-75)/s*(0 - -2 - 4). Let k = 45 - d. What is the highest common divisor of 8 and k?
8
Suppose -4*h = -2*h - 396. Let a be ((-30)/(-4) + -5)*4/10. Let w = 23 - a. Calculate the highest common factor of w and h.
22
Suppose -10098 = y - 12*y. Suppose y + 6 = 6*z. Calculate the greatest common factor of 44 and z.
22
Let s = 5471 - 3183. Calculate the greatest common divisor of 32 and s.
16
Suppose 148*z - 12562 = 266418. Calculate the greatest common divisor of 65 and z.
65
Let z(o) = 2*o**2 + 17. Let w be z(0). Suppose -5*x + w = -3. Suppose 10*m = x*m + 108. What is the highest common factor of m and 72?
18
Let o(x) = x**3 - 94*x**2 - 2*x + 118. Let l be o(0). What is the greatest common divisor of 29677 and l?
59
Let q be (-15008)/(-504) + (-2)/(-9). Suppose q*s - 3*s - 648 = 0. Calculate the highest common factor of 312 and s.
24
Let p(r) = -225*r**2 - r + 5*r + 230*r**2. Let y be p(3). Calculate the greatest common divisor of 38 and y.
19
Suppose -781*l - h - 806 = -786*l, -4*l - 2*h = -628. Calculate the highest common divisor of 2704 and l.
16
Suppose 31*d + 12 = 27*d, -5676 = -4*r - 4*d. What is the highest common divisor of 18 and r?
18
Suppose 1183443 = 179*i - 2560122 - 875530. Calculate the highest common divisor of 65 and i.
65
Let f(a) = a**3 + 7*a**2 - 3*a + 3. Let d be f(-7). Suppose -2*q + 5*s + 101 = 0, -2*s - 98 = 20*q - 22*q. What is the greatest common divisor of d and q?
24
Let m(f) = -13 - 2 + 4*f + 0*f - 3*f**2 + 31*f. Let d be m(11). Suppose -s = 5*j - 47, -3*j - 2*s + d*s + 17 = 0. What is the highest common factor of j and 99?
9
Suppose -j + a = -6, 2*j - 5*a - 3 = 12. Suppose j*v - 251 = -0*i + 3*i, -2*v = -4*i - 106. What is the greatest common factor of v and 49?
49
Suppose -4*g - 20 = -8*g, 4*z - 3*g + 31 = 0. Let o(v) = -3*v**3 - 5*v**2 - 12. Let w be o(z). Calculate the highest common divisor of w and 40.
20
Suppose -3*h - x - x + 5824 = 0, -4*x - 7732 = -4*h. What is the greatest common divisor of 408 and h?
102
Let k(n) = 60*n**2 + n + 49. Let c be k(5). What is the greatest common factor of c and 42?
42
Suppose -11 + 34 = -t. Let u(w) = -2*w + 99. Let h be u(t). Calculate the highest common factor of h and 5.
5
Let o be (1/(-3))/((-2)/(-30)). Let d(z) = 3*z + 6. Let l be d(o). Let k be (l + 2)*10/(-7). What is the highest common divisor of 80 and k?
10
Let o(z) = -4*z**3 + z**2 + 6*z - 4. Suppose 30*r + 4 = -56. Let p be o(r). Calculate the highest common factor of 35 and p.
5
Suppose -13*i - 4421 + 2858 = -12834. Calculate the highest common divisor of 102 and i.
51
Let l be (30/35)/((-6)/(-2016)). What is the highest common divisor of l and 81?
9
Let k = -8 - -8. Suppose 4*p - 336 =